{"id":24979,"date":"2025-01-28T10:40:52","date_gmt":"2025-01-28T09:40:52","guid":{"rendered":"https:\/\/www.linor.pl\/produkt\/linka-regulacji-naped-bmw-850-e31\/"},"modified":"2025-07-14T11:15:53","modified_gmt":"2025-07-14T09:15:53","slug":"linka-regulacji-naped-bmw-850-e31","status":"publish","type":"product","link":"https:\/\/www.linor.pl\/en\/product\/linka-regulacji-naped-bmw-850-e31\/","title":{"rendered":"Linka regulacji (nap\u0119d) BMW 850 E31 (03032)"},"content":{"rendered":"","protected":false},"excerpt":{"rendered":"<p>Regulacja ( pami\u0119\u0107 )<\/p>\n","protected":false},"featured_media":10098,"comment_status":"closed","ping_status":"closed","template":"","meta":[],"product_brand":[],"product_cat":[3192],"product_tag":[],"class_list":{"0":"post-24979","1":"product","2":"type-product","3":"status-publish","4":"has-post-thumbnail","6":"product_cat-bmw-850-en","7":"pa_marka-auta-bmw-en","8":"pa_rodzaj-produktu-linka-regulacji-fotela-naped-en","9":"pa_wymiary-mm-695-en","11":"first","12":"instock","13":"shipping-taxable","14":"purchasable","15":"product-type-simple"},"_links":{"self":[{"href":"https:\/\/www.linor.pl\/en\/wp-json\/wp\/v2\/product\/24979","targetHints":{"allow":["GET"]}}],"collection":[{"href":"https:\/\/www.linor.pl\/en\/wp-json\/wp\/v2\/product"}],"about":[{"href":"https:\/\/www.linor.pl\/en\/wp-json\/wp\/v2\/types\/product"}],"replies":[{"embeddable":true,"href":"https:\/\/www.linor.pl\/en\/wp-json\/wp\/v2\/comments?post=24979"}],"wp:featuredmedia":[{"embeddable":true,"href":"https:\/\/www.linor.pl\/en\/wp-json\/wp\/v2\/media\/10098"}],"wp:attachment":[{"href":"https:\/\/www.linor.pl\/en\/wp-json\/wp\/v2\/media?parent=24979"}],"wp:term":[{"taxonomy":"product_brand","embeddable":true,"href":"https:\/\/www.linor.pl\/en\/wp-json\/wp\/v2\/product_brand?post=24979"},{"taxonomy":"product_cat","embeddable":true,"href":"https:\/\/www.linor.pl\/en\/wp-json\/wp\/v2\/product_cat?post=24979"},{"taxonomy":"product_tag","embeddable":true,"href":"https:\/\/www.linor.pl\/en\/wp-json\/wp\/v2\/product_tag?post=24979"}],"curies":[{"name":"wp","href":"https:\/\/api.w.org\/{rel}","templated":true}]}}

Linka regulacji (napęd) BMW 850 E31 (03032)

<p>Regulacja ( pamięć )</p>
